, 19, 41, 41299
List the prime factors of 998350773.
3, 7, 47540513
What are the prime factors of 53870834?
2, 26935417
What are the prime factors of 434302971?
3, 144767657
What are the prime factors of 45037828?
2, 11, 17, 19, 3169
List the prime factors of 13699461.
3, 1087, 4201
List the prime factors of 151245409.
7, 3086641
List the prime factors of 2910341473.
13, 19, 31, 47, 8087
List the prime factors of 972601619.
11, 101, 875429
What are the prime factors of 237769797?
3, 79256599
List the prime factors of 14538233.
257, 56569
What are the prime factors of 2976046578?
2, 3, 1123, 147227
What are the prime factors of 398738595?
3, 5, 26582573
What are the prime factors of 85497303?
3, 28499101
What are the prime factors of 17598585?
3, 5, 1173239
List the prime factors of 2019198513.
3, 109, 6174919
What are the prime factors of 24339584?
2, 29, 79, 83
What are the prime factors of 199704498?
2, 3, 7, 29, 59, 397
List the prime factors of 490903672.
2, 7, 8766137
What are the prime factors of 16927230?
2, 3, 5, 557, 1013
What are the prime factors of 67828906?
2, 33914453
What are the prime factors of 2584891459?
2584891459
What are the prime factors of 76409952?
2, 3, 795937
What are the prime factors of 688897545?
3, 5, 7, 17, 167, 2311
What are the prime factors of 178416865?
5, 11, 23, 141041
List the prime factors of 29973714.
2, 3, 31, 161149
List the prime factors of 7382803.
467, 15809
List the prime factors of 583633830.
2, 3, 5, 13, 19, 79, 997
List the prime factors of 17659308.
2, 3, 23, 109, 587
What are the prime factors of 96284114?
2, 439, 109663
What are the prime factors of 192868?
2, 13, 3709
What are the prime factors of 90877747?
181, 502087
What are the prime factors of 2468795444?
2, 12479, 49459
What are the prime factors of 2446330?
2, 5, 244633
List the prime factors of 60066709.
457, 131437
List the prime factors of 179000216.
2, 19, 659, 1787
What are the prime factors of 118483667?
118483667
List the prime factors of 1921489571.
599, 613, 5233
What are the prime factors of 182060668?
2, 45515167
List the prime factors of 394729526.
2, 3359, 58757
List the prime factors of 20951423.
20951423
What are the prime factors of 256057141?
256057141
What are the prime factors of 5747057198?
2, 2873528599
What are the prime factors of 201098203?
821, 244943
What are the prime factors of 703010629?
113, 233, 26701
List the prime factors of 37881801.
3, 19, 29, 7639
What are the prime factors of 242653622?
2, 37, 877, 3739
What are the prime factors of 1675635771?
3, 558545257
List the prime factors of 3117848028.
2, 3, 259820669
What are the prime factors of 610870415?
5, 122174083
What are the prime factors of 91063936?
2, 711437
What are the prime factors of 701837332?
2, 7, 59, 424841
List the prime factors of 1270771329.
3, 29, 14606567
What are the prime factors of 134171613?
3, 4969319
What are the prime factors of 81516004?
2, 19, 457, 2347
What are the prime factors of 2359283?
1069, 2207
What are the prime factors of 103377439?
11, 101, 769
What are the prime factors of 97807653?
3, 127, 85571
List the prime factors of 53189792.
2, 41, 71, 571
List the prime factors of 444712560.
2, 3, 5, 1852969
List the prime factors of 829674473.
12251, 67723
What are the prime factors of 1082280933?
3, 311, 14321
What are the prime factors of 49542079?
49542079
List the prime factors of 4280951685.
3, 5, 241, 1184219
List the prime factors of 1452011397.
3, 617, 784447
What are the prime factors of 469552081?
469552081
List the prime factors of 547847134.
2, 17, 47, 342833
List the prime factors of 265101335.
5, 23, 1259, 1831
List the prime factors of 767801656.
2, 523, 183509
What are the prime factors of 2612902544?
2, 7, 53, 440179
List the prime factors of 2606981717.
3083, 845599
List the prime factors of 30156612.
2, 3, 2513051
What are the prime factors of 1293262223?
11, 157, 748849
What are the prime factors of 330476330?
2, 5, 33047633
What are the prime factors of 3695110606?
2, 11, 167959573
What are the prime factors of 36380664?
2, 3, 23, 2441
What are the prime factors of 72570905?
5, 11, 29, 173, 263
What are the prime factors of 28306044?
2, 3, 13, 20161
List the prime factors of 231030093.
3, 7, 139, 79147
What are the prime factors of 36838232?
2, 233, 19763
What are the prime factors of 158752902?
2, 3, 7, 11, 17, 29, 41
What are the prime factors of 8078048092?
2, 26029, 77587
List the prime factors of 568823617.
97, 101, 58061
List the prime factors of 237361371.
3, 13, 6086189
What are the prime factors of 4145502517?
13, 19, 16783411
What are the prime factors of 9124304312?
2, 1140538039
What are the prime factors of 933802357?
79, 479, 24677
List the prime factors of 424136866.
2, 131, 257, 6299
What are the prime factors of 729580263?
3, 23, 359, 29453
List the prime factors of 113550779.
113550779
What are the prime factors of 7396998835?
5, 23, 919, 69991
List the prime factors of 535296646.
2, 17, 15744019
What are the prime factors of 3207271613?
7, 13, 2503, 14081
List the prime factors of 514680619.
37, 2939, 4733
List the prime factors of 151386158.
2, 7, 11, 233, 4219
What are the prime factors of 168580595?
5, 33716119
What are the prime factors of 4714867539?
3, 83, 103, 233, 263
List the prime factors of 1306290133.
107, 12208319
List the prime factors of 58770638.
2, 29385319
What are the prime factors of 51509547?
3, 1907761
List the prime factors of 78142246.
2, 7, 13, 53, 8101
List the prime factors of 935147030.
2, 5, 89, 1050727
List the prime factors of 2456718822.
2, 3, 37, 136621
What are the prime factors of 447665386?
2, 7, 17, 1880947
List the prime factors of 36947465.
5, 7389493
What are the prime factors of 672172624?
2, 42010789
List the prime factors of 3372241940.
2, 5, 168612097
What are the prime factors of 63766412?
2, 15941603
List the prime factors of 57869483.
7, 8267069
What are the prime factors of 53556193?
19, 1201, 2347
What are the prime factors of 506388322?
2, 11, 1877, 12263
List the prime factors of 60295040.
2, 5, 13, 7247
What are the prime factors of 2218120985?
5, 17, 26095541
List the prime factors of 1141093540.
2, 5, 71, 803587
What are the prime factors of 171579575?
5, 31, 221393
List the prime factors of 10127927.
10127927
What are the prime factors of 13729836?
2, 3, 1144153
List the prime factors of 87634774.
2, 43, 139, 7331
List the prime factors of 461888988.
2, 3, 11, 547, 6397
List the prime factors of 57964515.
3, 5, 7, 173, 3191
List the prime factors of 166095842.
2, 11, 43, 337, 521
List the prime factors of 85367272.
2, 10670909
What are the prime factors of 530121940?
2, 5, 23, 37, 31147
List the prime factors of 39102900.
2, 3, 5, 130343
What are the prime factors of 248062584?
2, 3, 7, 11, 12203
List the prime factors of 3379890270.
2, 3, 5, 112663009
List the prime factors of 3356898841.
55819, 60139
What are the prime factors of 320461649?
157, 13001
List the prime factors of 6528395263.
13, 1549, 324199
List the prime factors of 182148459.
3, 19, 1549, 2063
What are the prime factors of 27276136?
2, 1031, 3307
List the prime factors of 935077188.
2, 3, 77923099
List the prime factors of 320738489.
320738489
List the prime factors of 3242807869.
7, 29, 359, 44497
List the prime factors of 5187092460.
2, 3, 5, 11, 97, 81023
List the prime factors of 419043588.
2, 3, 1289, 27091
What are the prime factors of 52345313?
52345313
What are the prime factors of 4473479?
4473479
What are the prime factors of 2906311290?
2, 3, 5, 96877043
What are the prime factors of 19424437?
19424437
What are the prime factors of 26389459?
337, 78307
List the prime factors of 207218730.
2, 3, 5, 23, 300317
List the prime factors of 420351280.
2, 5, 439, 11969
List the prime factors of 227877076.
2, 7, 8138467
What are the prime factors of 38534451?
3, 19, 676043
What are the prime factors of 145405840?
2, 5, 229, 7937
List the prime factors of 73254577.
11, 41, 59, 2753
List the prime factors of 3846525.
3, 5, 51287
List the prime factors of 1050347566.
2, 525173783
What are the prime factors of 3746253?
3, 7, 178393
What are the prime factors of 12468326?
2, 13, 337, 1423
What are the prime factors of 436470746?
2, 1231, 177283
What are t